3238568?
9
What is the millions digit of 15151974?
5
What is the millions digit of 55532839?
5
What is the units digit of 160620553?
3
What is the hundreds digit of 4355968313?
3
What is the tens digit of 3174509906?
0
What is the ten thousands digit of 78316065?
1
What is the ten millions digit of 1474722752?
7
What is the thousands digit of 419063736?
3
What is the ten millions digit of 345901078?
4
What is the tens digit of 713112915?
1
What is the hundred thousands digit of 62041662?
0
What is the hundred thousands digit of 70533205?
5
What is the thousands digit of 85838384?
8
What is the tens digit of 22359107?
0
What is the thousands digit of 41839054?
9
What is the hundred thousands digit of 1330632?
3
What is the hundred millions digit of 1880989658?
8
What is the units digit of 132931991?
1
What is the thousands digit of 433661665?
1
What is the hundred thousands digit of 311135285?
1
What is the hundred thousands digit of 9026864?
0
What is the tens digit of 79061727?
2
What is the hundreds digit of 708929544?
5
What is the ten millions digit of 219469912?
1
What is the millions digit of 113770174?
3
What is the ten millions digit of 1984362861?
8
What is the millions digit of 1843022362?
3
What is the hundreds digit of 2470128193?
1
What is the hundred thousands digit of 5098039?
0
What is the tens digit of 633857029?
2
What is the units digit of 30955843?
3
What is the millions digit of 3548773102?
8
What is the thousands digit of 1961236163?
6
What is the millions digit of 73978399?
3
What is the hundred millions digit of 548951171?
5
What is the ten millions digit of 60529778?
6
What is the ten millions digit of 1640141528?
4
What is the hundred millions digit of 227667138?
2
What is the hundred thousands digit of 116528221?
5
What is the millions digit of 1492879440?
2
What is the tens digit of 584945335?
3
What is the ten thousands digit of 22177249?
7
What is the thousands digit of 119444041?
4
What is the units digit of 2940095171?
1
What is the hundred millions digit of 3139584999?
1
What is the ten millions digit of 1667978192?
6
What is the units digit of 1609296502?
2
What is the millions digit of 11694253?
1
What is the units digit of 59156142?
2
What is the billions digit of 3272930302?
3
What is the ten millions digit of 360126924?
6
What is the thousands digit of 604301935?
1
What is the millions digit of 274931548?
4
What is the tens digit of 868517167?
6
What is the tens digit of 349933155?
5
What is the hundred millions digit of 4229738691?
2
What is the hundreds digit of 2889547700?
7
What is the millions digit of 839893644?
9
What is the hundred thousands digit of 245638537?
6
What is the millions digit of 8136256737?
6
What is the units digit of 2441392960?
0
What is the billions digit of 4516994119?
4
What is the tens digit of 55595162?
6
What is the units digit of 91919184?
4
What is the ten thousands digit of 7135759035?
5
What is the hundred millions digit of 5297408266?
2
What is the millions digit of 26527760?
6
What is the hundred thousands digit of 2163003197?
0
What is the hundreds digit of 80209206?
2
What is the thousands digit of 52164774?
4
What is the ten thousands digit of 117076573?
7
What is the tens digit of 145268827?
2
What is the hundred thousands digit of 690241126?
2
What is the millions digit of 2703135704?
3
What is the ten thousands digit of 675184844?
8
What is the hundred millions digit of 1751138843?
7
What is the thousands digit of 18211223?
1
What is the hundreds digit of 18410681?
6
What is the millions digit of 324259167?
4
What is the millions digit of 194801678?
4
What is the millions digit of 22696177?
2
What is the millions digit of 420486174?
0
What is the hundreds digit of 177003293?
2
What is the ten thousands digit of 145707573?
0
What is the millions digit of 5402248418?
2
What is the hundred thousands digit of 157259433?
2
What is the ten millions digit of 991769682?
9
What is the tens digit of 131170545?
4
What is the millions digit of 174829386?
4
What is the ten millions digit of 69407152?
6
What is the units digit of 21498750?
0
What is the hundreds digit of 1505971?
9
What is the ten millions digit of 2557028050?
5
What is the units digit of 2012044452?
2
What is the hundred thousands digit of 200562533?
5
What is the ten millions digit of 254462976?
5
What is the ten millions digit of 192933940?
9
What is the ten millions digit of 285406286?
8
What is the ten thousands digit of 875633533?
3
What is the ten millions digit of 226753580?
2
What is the units digit of 66065169?
9
What is the hundreds digit of 37167433?
4
What is the units digit of 283121701?
1
What is the hundred millions digit of 377260393?
3
What is the tens digit of 1460734514?
1
What is the thousands digit of 355305704?
5
What is the tens digit of 189073446?
4
What is the thousands digit of 177430869?
0
What is the ten thousands digit of 263125025?
2
What is the tens digit of 1156496604?
0
What is the hundred thousands digit of 2281022837?
0
What is the hundred thousands digit of 5436472515?
4
What is the hundreds digit of 3717460756?
7
What is the thousands digit of 1921866192?
6
What is the thousands digit of 313162524?
2
What is the millions digit of 1635267?
1
What is the hundred millions digit of 105170601?
1
What is the millions digit of 278436874?
8
What is the ten millions digit of 4025199844?
2
What is the ten thousands digit of 135109004?
0
What is the tens digit of 567944?
4
What is the tens digit of 1137122840?
4
What is the units digit of 3413512?
2
What is the hundreds digit of 1573803618?
6
What is the hundred millions digit of 866195998?
8
What is the millions digit of 2240036067?
0
What is the thousands digit of 27203277?
3
What is the hundred thousands digit of 34944212?
9
What is the millions digit of 311678512?
1
What is the ten millions digit of 392047543?
9
What is the tens digit of 949021771?
7
What is the hundred thousands digit of 81684764?
6
What is the millions digit of 1981551964?
1
What is the tens digit of 4365064603?
0
What is the ten thousands digit of 2393383406?
8
What is the hundreds digit of 305405827?
8
What is the tens digit of 7641901495?
9
What is the ten millions digit of 58576001?
5
What is the units digit of 64471738?
8
What is the millions digit of 124861637?
4
What is the millions digit of 1072125611?
2
What is the thousands digit of 68124988?
4
What is the hundred millions digit of 3510735112?
5
What is the hundred thousands digit of 342052564?
0
What is the ten millions digit of 52811848?
5
What is the millions digit of 331921905?
1
What is the thousands digit of 803104994?
4
What is the millions digit of 148296574?
8
What is the ten millions digit of 75861470?
7
What is the ten millions digit of 66288934?
6
What is the thousands digit of 30623559?
3
What is the units digit of 28063857?
7
What is the ten thousands digit of 4289204609?
0
What is the thousands digit of 17906516?
6
What is the hundreds digit of 1831762736?
7
What is the tens digit of 2337837449?
4
What is the thousands digit of 451691057?
1
What is the ten millions digit of 3434579811?
3
What is the ten thousands digit of 744481486?
8
What is the thousands digit of 5677811?
7
What is the tens digit of 1741162096?
9
What is the hundred thousands digit of 54494690?
4
What is the ten thousands digit of 2363337502?
3
What is the ten thousands digit of 2997581448?
8
What is the ten millions digit of 23389090?
2
What is the ten thousands digit of 104576724?
7
What is the hundred millions digit of 1400702442?
4
What is the thousands digit of 2537953395?
3
What is the ten millions digit of 46791565?
4
What is the millions digit of 150551014?
0
What is the units digit of 21582440?
0
What is the hundred thousands digit of 54600372?
6
What is the ten millions digit of 2645554304?
4
What is the ten thousands digit of 511411560?
1
What is the hundred millions digit of 338073405?
3
What is the tens digit of 704418?
1
What is the ten thousands digit of 4668405?
6
What is the hundreds digit of 387881574?
5
What is the millions digit of 112461268?
2
What is the tens digit of 312620504?
0
What is the thousands digit of 238878695?
8
What is the hundreds digit of 18006598?
5
What is the thousands digit